ommon divisor of 33 and 2200.
11
What is the greatest common factor of 16 and 144?
16
Calculate the greatest common divisor of 369 and 27.
9
Calculate the highest common factor of 182 and 161.
7
What is the highest common divisor of 158 and 4582?
158
What is the highest common divisor of 49 and 637?
49
What is the highest common factor of 4 and 128?
4
Calculate the greatest common factor of 85 and 30.
5
What is the greatest common divisor of 130 and 585?
65
Calculate the highest common divisor of 16 and 424.
8
Calculate the greatest common factor of 500 and 20.
20
What is the highest common factor of 162 and 756?
54
What is the greatest common divisor of 12 and 2358?
6
Calculate the greatest common divisor of 273 and 39.
39
What is the highest common factor of 49 and 7?
7
Calculate the greatest common factor of 4365 and 45.
45
What is the greatest common factor of 9 and 117?
9
Calculate the highest common factor of 931 and 133.
133
Calculate the highest common divisor of 350 and 400.
50
Calculate the greatest common divisor of 1727 and 66.
11
What is the highest common divisor of 32 and 272?
16
What is the greatest common factor of 312 and 13?
13
What is the highest common factor of 200 and 360?
40
Calculate the greatest common factor of 102 and 33966.
102
Calculate the highest common factor of 90 and 261.
9
What is the greatest common factor of 800 and 10?
10
What is the highest common factor of 11 and 1?
1
Calculate the greatest common factor of 320 and 1080.
40
What is the greatest common divisor of 38184 and 258?
258
Calculate the highest common divisor of 10 and 5.
5
What is the highest common factor of 56 and 272?
8
What is the greatest common factor of 15 and 29985?
15
What is the greatest common factor of 114 and 1216?
38
Calculate the highest common factor of 418 and 38.
38
Calculate the highest common factor of 336 and 208.
16
What is the greatest common divisor of 100 and 19?
1
Calculate the highest common divisor of 11449 and 321.
107
What is the greatest common divisor of 51 and 221?
17
Calculate the greatest common factor of 624 and 816.
48
What is the greatest common factor of 144 and 648?
72
What is the highest common divisor of 3328 and 32?
32
Calculate the greatest common factor of 24 and 36.
12
Calculate the greatest common factor of 854 and 122.
122
What is the greatest common factor of 3 and 51?
3
What is the greatest common factor of 48 and 2976?
48
What is the highest common divisor of 381 and 56261?
127
Calculate the highest common factor of 252 and 441.
63
What is the greatest common divisor of 170 and 140?
10
What is the greatest common factor of 44 and 33?
11
What is the greatest common factor of 16110 and 9?
9
What is the highest common divisor of 35 and 10?
5
Calculate the greatest common divisor of 268 and 1541.
67
Calculate the greatest common divisor of 17 and 153.
17
Calculate the greatest common divisor of 592 and 16.
16
Calculate the greatest common divisor of 15 and 5685.
15
What is the highest common factor of 373 and 1?
1
Calculate the greatest common factor of 90 and 1674.
18
Calculate the highest common divisor of 385 and 315.
35
What is the greatest common factor of 20 and 270?
10
What is the highest common divisor of 309 and 2369?
103
What is the highest common divisor of 420 and 60?
60
Calculate the greatest common divisor of 52 and 3562.
26
What is the greatest common factor of 40 and 190?
10
Calculate the greatest common divisor of 198 and 44.
22
Calculate the highest common divisor of 90 and 320.
10
Calculate the greatest common factor of 6 and 92.
2
Calculate the highest common divisor of 6157 and 47.
47
Calculate the greatest common divisor of 1209 and 3441.
93
What is the greatest common divisor of 1269 and 329?
47
Calculate the greatest common divisor of 1204 and 84.
28
Calculate the greatest common factor of 1679 and 23.
23
Calculate the highest common divisor of 2484 and 18.
18
Calculate the highest common factor of 324 and 4.
4
Calculate the highest common factor of 30 and 320.
10
Calculate the greatest common factor of 37 and 1961.
37
Calculate the highest common divisor of 528 and 240.
48
What is the greatest common divisor of 777 and 370?
37
What is the highest common factor of 475 and 50?
25
Calculate the highest common factor of 13280 and 320.
160
Calculate the highest common divisor of 5 and 11665.
5
What is the highest common divisor of 50 and 190?
10
Calculate the highest common divisor of 104 and 3081.
13
Calculate the greatest common factor of 4 and 3096.
4
Calculate the greatest common factor of 386 and 22002.
386
What is the highest common factor of 14219 and 177?
59
What is the highest common factor of 16 and 400?
16
What is the highest common divisor of 210 and 350?
70
Calculate the greatest common divisor of 99 and 2607.
33
What is the greatest common divisor of 636 and 984?
12
What is the highest common divisor of 260 and 82420?
260
What is the highest common divisor of 146 and 24?
2
What is the highest common divisor of 430 and 10?
10
What is the highest common divisor of 10830 and 10?
10
Calculate the greatest common factor of 956 and 4.
4
What is the greatest common divisor of 11 and 451?
11
Calculate the greatest common factor of 27 and 261.
9
What is the greatest common divisor of 12 and 12?
12
What is the greatest common factor of 2592 and 486?
162
What is the greatest common factor of 1208 and 10117?
151
What is the highest common factor of 1394 and 102?
34
What is the greatest common factor of 871 and 1005?
67
What is the highest common divisor of 75 and 315?
15
What is the highest common factor of 138 and 1472?
46
What is the highest common divisor of 1106 and 1738?
158
What is the greatest common divisor of 30437 and 11?
11
What is the highest common factor of 64 and 4?
4
What is the greatest common divisor of 9 and 492?
3
What is the highest common divisor of 3015 and 315?
45
What is the greatest common factor of 39 and 85917?
39
Calculate the highest common divisor of 338 and 208.
26
Calculate the greatest common divisor of 170 and 17425.
85
Calculate the greatest common factor of 9744 and 21.
21
Calculate the greatest common divisor of 12 and 84.
12
Calculate the greatest common divisor of 11191 and 1805.
361
Calculate the highest common divisor of 928 and 56.
8
Calculate the highest common factor of 26 and 18.
2
What is the greatest common divisor of 90 and 720?
90
Calculate the greatest common factor of 2634 and 18.
6
Calculate the greatest common divisor of 432 and 592.
16
Calculate the greatest common factor of 61 and 28.
1
What is the greatest common factor of 2397 and 2538?
141
What is the highest common divisor of 777 and 444?
111
Calculate the highest common factor of 17792 and 139.
139
Calculate the greatest common divisor of 1339 and 13.
13
Calculate the greatest common factor of 68 and 6749.
17
Calculate the highest common divisor of 205 and 13817.
41
What is the highest common factor of 232 and 1?
1
Calculate the greatest common factor of 20 and 65.
5
Calculate the greatest common divisor of 336 and 2562.
42
What is the greatest common divisor of 152 and 22?
2
Calculate the greatest common factor of 13 and 19253.
13
Calculate the highest common divisor of 864 and 192.
96
Calculate the highest common divisor of 16142 and 14.
14
What is the highest common factor of 423 and 987?
141
What is the greatest common factor of 6 and 2154?
6
What is the greatest common factor of 220 and 121?
11
What is the greatest common divisor of 17 and 3281?
17
Calculate the highest common divisor of 957 and 33.
33
Calculate the greatest common factor of 918 and 144.
18
Calculate the greatest common factor of 22344 and 120.
24
What is the greatest common factor of 1102 and 152?
38
What is the highest common factor of 550 and 4070?
110
Calculate the highest common divisor of 14348 and 68.
68
What is the highest common factor of 272 and 32?
16
Calculate the greatest common factor of 3 and 1192.
1
What is the highest common factor of 1715 and 5?
5
Calculate the highest common factor of 68 and 3.
1
What is the greatest common factor of 11348 and 12?
4
Calculate the highest common divisor of 810 and 72.
18
What is the highest common divisor of 3674 and 176?
22
What is the hi